**2 + 8. Let v be c(0). Let j be ((-30)/v)/((-4)/(-16)). Let n be (-1 - -56)*(-6)/j. Calculate the highest common divisor of 11 and n.
11
Let s be -4 - (-2)/8*0. Let j = -19 + s. Let d = -22 - j. What is the highest common factor of 6 and d?
1
Let u be (0 - -7)*(16 + 0). Suppose 565 - 1167 = -43*n. What is the greatest common divisor of u and n?
14
Let x be 1788/30 - (-6)/15. Suppose -16*i = -14*i - x. Suppose w + 2*n - 26 + 6 = 0, -2*n - 100 = -3*w. Calculate the highest common divisor of i and w.
30
Let k be ((-2)/((-8)/(-12)))/(-1). Suppose 5*n = k*n + 54. What is the highest common divisor of 27 and n?
27
Suppose -5*j + 5*r + 20 = 0, r - 3 - 9 = -3*j. Suppose j*a + 26 = 5*a. Calculate the greatest common divisor of 52 and a.
26
Let h = 8 + -5. Suppose -2*r + a - 43 = 0, -14*a - 10 = -12*a. Let m be 44/h - 8/r. Calculate the highest common divisor of 10 and m.
5
Let m be (80/15)/(-4)*-51. Suppose 149 = 4*w + w - 3*i, 2*w - 4*i = m. Calculate the greatest common divisor of w and 42.
14
Suppose 0 = 3*t + 5*q - 32, 3*q + 15 = 3*t - 9. Let b be (-80)/(-140) + (500/(-7))/(-1). What is the highest common divisor of t and b?
9
Suppose -3*o + 22 = -50. Let h = -22 + o. Suppose h*z + 3 = 35. What is the greatest common factor of z and 4?
4
Let o be (2 + 2)*(-22)/8. Suppose 4*w + 82 + 2 = 0. Let y = o - w. Calculate the greatest common divisor of y and 30.
10
Suppose 0 = -l - n + 87, 2*l - n + 177 = 4*l. Suppose 5*y - l = 60. Let o = -26 + y. What is the highest common factor of o and 8?
4
Suppose -61*w - 1485 = -66*w. Calculate the greatest common factor of w and 81.
27
Suppose 23*m - 840 = 21*m. Calculate the greatest common factor of 20 and m.
20
Suppose -5*y + 6 = -44. Suppose u - y = 6. Suppose -73*c + 784 = -66*c. What is the highest common factor of c and u?
16
Let a = 12 - 8. Suppose -a*n - n = 2*m + 4, 0 = -5*m + 4*n + 23. Suppose -5*q = m*j - 48, -j = -4*q - 0*j + 35. What is the highest common divisor of 9 and q?
9
Let j be (-18)/4*2/(-12)*16. Calculate the greatest common divisor of 452 and j.
4
Suppose -5*m + 6161 - 511 = 0. What is the highest common divisor of 10 and m?
10
Suppose m = -4*m + 3*t + 209, 3*t = 4*m - 166. What is the highest common factor of m and 344?
43
Let o be 4 - 21/((-6)/2). Suppose 0 = 4*z - 16, 4*v + 4 - 472 = 4*z. What is the greatest common divisor of o and v?
11
Let z(n) = n**3 - 5*n**2 - 2*n + 2. Let b be z(5). Let a be b + 6 - 22/(-2). Suppose -2*s + 87 = 15. What is the greatest common factor of s and a?
9
Suppose -48 = -7*s + 3*s. Let m = -13 + -5. Let h be (-148)/(-18) - (-4)/m. What is the greatest common divisor of h and s?
4
Let q = -1087 + 1267. Calculate the highest common divisor of 140 and q.
20
Let p = 768 + -487. Suppose 3*u = 5*v + p, 5*u - 3*v = -0*v + 463. What is the highest common factor of u and 230?
46
Suppose -452*q = -446*q - 648. Calculate the greatest common divisor of 918 and q.
54
Let s(r) = 5*r**2 - 12*r - 12. Let f be s(6). What is the highest common factor of f and 156?
12
Let q be 83 - 8*(-3)/3. What is the greatest common factor of q and 63?
7
Let s be ((-363)/(-242))/(3/110). What is the highest common divisor of s and 44?
11
Let t(l) = l**3 + 10*l**2 - 43*l - 25. Let z be t(-13). Calculate the greatest common divisor of z and 999.
27
Let q = -1707 - -1716. Suppose 5*v = u - 11 + 45, -4*v - u + 20 = 0. Calculate the highest common divisor of v and q.
3
Suppose -60 = -0*r - 4*r. Let f(p) = -2*p**2 + 3*p - 1. Let k be f(5). Let o be (-1)/(-6) + (-4854)/k. Calculate the highest common factor of r and o.
15
Let i = -29 - -55. Let a(l) = 4*l**2 - 2 + 4*l + 8 + 2 - 2*l**2. Let s be a(5). Calculate the greatest common factor of i and s.
26
Suppose 7*b - 68 - 373 = 0. What is the greatest common factor of 35 and b?
7
Let z = -52 - -52. Suppose -9*x + 11*x - 156 = z. Calculate the highest common divisor of x and 26.
26
Suppose 369 + 3258 = 13*y. Calculate the highest common divisor of y and 62.
31
Suppose 48 = 5*m - 3*v, 4*m - 28 = 2*v + 3*v. Suppose 3*x = 7*x. Suppose -h = -3*g - 24, x = -3*g + 4*g. What is the greatest common divisor of m and h?
12
Let i(v) be the third derivative of v**6/120 - 7*v**5/60 + 5*v**4/24 + 3*v**3/2 + 20*v**2. Let w be i(7). What is the greatest common factor of w and 4?
4
Let h = 22 - -203. Suppose 25*n + h = 26*n. What is the highest common factor of 25 and n?
25
Suppose 0 = 5*t - 217 - 233. Suppose 0*o - 26 = -3*s + o, 3*o + 38 = 5*s. Calculate the highest common divisor of t and s.
10
Let j(s) = 17*s - 31. Let i be j(5). Let m = 89 - 77. Calculate the highest common divisor of i and m.
6
Suppose 2*c = -6*c + 24. Suppose 0*o + 40 = 5*o. Let w = o + 19. Calculate the greatest common divisor of c and w.
3
Let v be ((-6)/1)/(-3) - (-49 + -717). Calculate the highest common divisor of v and 48.
48
Let l(v) be the third derivative of v**5/60 + v**4/12 + 2*v**3 - 9*v**2. Let n be l(-6). Calculate the greatest common divisor of n and 90.
18
Let g = 82 + -64. Let h be (48/g)/(17/(-18) - -1). What is the greatest common factor of h and 16?
16
Suppose -3*h = -10 + 1. Suppose -3*w + 120 = 4*o - 0*o, -h*o = 9. Let d(a) = 3*a**2 + 1. Let s be d(-1). What is the highest common divisor of s and w?
4
Let a(i) = 15*i**2 + 39*i - 78. Let k be a(2). Calculate the highest common factor of k and 252.
12
Let f(b) = -2*b - 53. Let y(q) = q + 27. Let d(g) = -6*f(g) - 11*y(g). Let r be d(14). What is the greatest common factor of r and 5?
5
Let y be 0*(-1)/4 - -68. Calculate the highest common divisor of 4 and y.
4
Suppose k = -92 + 95. Let j = 18 - 9. What is the highest common divisor of j and k?
3
Let i(b) = b**3 - 5*b**2 + 2*b - 14. Let a be i(6). What is the highest common divisor of 17 and a?
17
Let z be 4/22 - (-1704)/66. Let a = -22 + z. Suppose -2 - 2 = -a*t. What is the highest common divisor of t and 1?
1
Suppose -5*y - c + 5*c + 28 = 0, 2*y - 2*c - 12 = 0. Let k be y/10 + 96/10 + -4. What is the highest common divisor of k and 138?
6
Let m(v) = -5*v - 138. Let p be m(-39). What is the highest common factor of 285 and p?
57
Suppose z - 2*x = -94 + 302, -16 = 4*x. Calculate the highest common factor of 50 and z.
50
Suppose 2*r + 2*w + 2*w = -24, -5*r + w - 60 = 0. Suppose 5*h + 23 = -n - 20, -49 = 3*n - 5*h. Let a = r - n. What is the greatest common divisor of a and 33?
11
Suppose m - 346 = q - 3*q, 3*q = m - 326. Suppose -6*w + 3*j - m = -4*w, 5*w + 845 = -4*j. Let u = -59 - w. Calculate the greatest common factor of u and 10.
10
Let h(t) = -33 - 15 + 11*t + t. Let m be h(8). What is the highest common factor of m and 3?
3
Let u(k) = -17*k - 24. Let p be u(-19). What is the highest common factor of 23 and p?
23
Let s be 960/(-24)*1/((-1)/2). Let r(a) = 4*a. Let k be r(4). Calculate the greatest common divisor of k and s.
16
Let v be (10/(-25))/(1/(-5)). Suppose -v*z - 152 = 2*z + 4*u, 3*z = u - 94. Let l = z - -159. Calculate the highest common factor of 14 and l.
14
Suppose 0 = -4*j - 4*k + 1796, -j + 4*k + 71 = -388. Calculate the highest common divisor of j and 22.
11
Suppose -46441 = -69*m + 76448. What is the greatest common divisor of m and 13?
13
Let a be (290/(-87))/(5/(-108)). What is the highest common divisor of 81 and a?
9
Suppose 48 = -77*d + 79*d. Let p = -15 + 39. What is the greatest common divisor of d and p?
24
Suppose a - 22 = -f, 4 = -0*f - 4*f. Let g = a + 28. Calculate the highest common factor of 34 and g.
17
Let q(p) = -p**3 - p**2 + 13*p + 3. Let l be q(-5). Let w be (-171)/(-6)*(-1 - -3). Calculate the greatest common divisor of l and w.
19
Let y(w) = -4*w - 24. Let m be y(-6). Suppose -3*t + 2*k = -94, 146 = -m*t + 5*t + 2*k. Calculate the highest common divisor of t and 330.
30
Let l(u) be the first derivative of -u**2 + 6*u + 16. Let y be l(2). Calculate the highest common factor of 7 and y.
1
Let l(j) = 16*j**2 - 12*j - 9. Let y be l(-5). Calculate the greatest common factor of 22 and y.
11
Let c(x) = -12*x**2 + 17*x - 4. Let f(u) = -6*u**2 + 8*u - 2. Let o(a) = 2*c(a) - 5*f(a). Let p be o(6). Calculate the greatest common factor of 26 and p.
26
Suppose -41 = -t - t + 3*f, -21 = -2*t - f. Calculate the highest common factor of t and 143.
13
Let z(h) = -4*h - 20. Let u be z(-7). Let a(y) = -y**3 - 2*y**2 + 3*y - 8. Let g be a(-4). Cal